se
Is 660 a multiple of 6?
True
Is 13651 a multiple of 106?
False
Does 75 divide 25950?
True
Is 4264 a multiple of 26?
True
Is 3978 a multiple of 34?
True
Is 11 a factor of 1262?
False
Is 9042 a multiple of 11?
True
Is 30 a factor of 1539?
False
Is 28 a factor of 1372?
True
Does 9 divide 601?
False
Is 19 a factor of 5218?
False
Does 8 divide 6624?
True
Is 5 a factor of 687?
False
Does 16 divide 11762?
False
Is 20 a factor of 3970?
False
Is 6557 a multiple of 26?
False
Does 130 divide 6874?
False
Is 1444 a multiple of 19?
True
Does 123 divide 2493?
False
Does 4 divide 131?
False
Is 14580 a multiple of 162?
True
Does 6 divide 8740?
False
Is 35 a factor of 4970?
True
Is 14 a factor of 76?
False
Is 17013 a multiple of 53?
True
Does 30 divide 7037?
False
Does 13 divide 17?
False
Is 93665 a multiple of 131?
True
Is 10 a factor of 38420?
True
Is 888 a multiple of 12?
True
Is 50 a factor of 5544?
False
Is 96 a factor of 13248?
True
Does 55 divide 81083?
False
Does 18 divide 12539?
False
Is 3 a factor of 144?
True
Does 20 divide 500?
True
Is 25 a factor of 43379?
False
Is 63 a factor of 25405?
False
Is 3091 a multiple of 108?
False
Is 19 a factor of 152?
True
Is 803 a multiple of 36?
False
Is 2265 a multiple of 15?
True
Is 1508 a multiple of 29?
True
Is 101 a multiple of 2?
False
Is 1230 a multiple of 30?
True
Is 140549 a multiple of 31?
False
Does 49 divide 4312?
True
Is 15 a factor of 52845?
True
Is 41 a factor of 674?
False
Does 34 divide 1486?
False
Is 21 a factor of 41538?
True
Is 1276 a multiple of 43?
False
Is 42 a factor of 315?
False
Is 23 a factor of 435?
False
Is 28 a factor of 22375?
False
Does 59 divide 3006?
False
Is 36 a multiple of 7?
False
Is 345 a multiple of 4?
False
Is 720 a multiple of 8?
True
Is 23 a factor of 966?
True
Is 12 a factor of 252?
True
Is 4 a factor of 36?
True
Does 16 divide 11408?
True
Is 4 a factor of 158?
False
Is 5484 a multiple of 12?
True
Is 1160 a multiple of 31?
False
Is 11 a factor of 169?
False
Does 18 divide 3185?
False
Is 6 a factor of 4746?
True
Is 8 a factor of 532?
False
Does 146 divide 29346?
True
Is 2 a factor of 2930?
True
Is 224 a multiple of 7?
True
Is 9 a factor of 396?
True
Is 1080 a multiple of 120?
True
Is 13 a factor of 156?
True
Is 40 a factor of 77455?
False
Does 6 divide 29539?
False
Is 30588 a multiple of 36?
False
Is 6 a factor of 96?
True
Is 209 a multiple of 15?
False
Is 31 a factor of 1713?
False
Is 1495 a multiple of 11?
False
Is 3612 a multiple of 42?
True
Is 2 a factor of 480?
True
Does 20 divide 7611?
False
Is 915 a multiple of 15?
True
Is 266 a multiple of 19?
True
Is 231 a multiple of 13?
False
Does 4 divide 5169?
False
Is 61 a factor of 2556?
False
Is 220 a multiple of 55?
True
Does 7 divide 254?
False
Is 63 a factor of 6300?
True
Is 14 a factor of 98095?
False
Does 101 divide 8614?
False
Does 5 divide 465?
True
Is 364 a multiple of 28?
True
Is 395 a multiple of 19?
False
Is 15876 a multiple of 63?
True
Does 69 divide 15732?
True
Is 22 a factor of 9394?
True
Is 59 a factor of 15490?
False
Is 26 a factor of 415?
False
Does 18 divide 1150?
False
Does 31 divide 57779?
False
Is 8 a factor of 1376?
True
Is 71046 a multiple of 18?
True
Does 64 divide 7328?
False
Does 58 divide 24824?
True
Is 38 a factor of 990?
False
Is 55116 a multiple of 36?
True
Is 84500 a multiple of 26?
True
Is 22 a factor of 22?
True
Does 16 divide 3640?
False
Is 477 a factor of 90153?
True
Is 141 a multiple of 5?
False
Does 5 divide 690?
True
Does 8 divide 1624?
True
Does 55 divide 690?
False
Is 84 a multiple of 2?
True
Is 32 a factor of 3424?
True
Is 26 a multiple of 22?
False
Does 17 divide 20145?
True
Is 555 a multiple of 2?
False
Is 25891 a multiple of 13?
False
Does 5 divide 9768?
False
Is 21 a factor of 1708?
False
Does 7 divide 301?
True
Is 114 a factor of 5021?
False
Is 172 a multiple of 13?
False
Does 32 divide 10757?
False
Is 221 a multiple of 15?
False
Is 63 a factor of 281?
False
Does 32 divide 3241?
False
Does 78 divide 11571?
False
Is 10 a factor of 33868?
False
Is 993 a multiple of 7?
False
Is 2841 a multiple of 3?
True
Is 1140 a multiple of 76?
True
Is 20090 a multiple of 22?
False
Does 98 divide 49742?
False
Is 3726 a multiple of 69?
True
Is 9 a factor of 15512?
False
Is 1207 a multiple of 51?
False
Does 17 divide 135191?
False
Is 1058 a multiple of 23?
True
Does 19 divide 1216?
True
Is 7 a factor of 1869?
True
Is 34 a factor of 2448?
True
Is 84693 a multiple of 44?
False
Is 1586 a multiple of 122?
True
Is 373 a multiple of 3?
False
Is 34 a factor of 1595?
False
Is 5691 a multiple of 154?
False
Is 3 a factor of 13413?
True
Is 9 a factor of 4437?
True
Is 54 a factor of 702?
True
Does 100 divide 11000?
True
Does 7 divide 400?
False
Is 71 a factor of 2201?
True
Is 3280 a multiple of 22?
False
Is 45 a factor of 1845?
True
Is 22 a factor of 23049?
False
Is 2400 a multiple of 50?
True
Does 34 divide 69665?
False
Is 3 a factor of 238?
False
Is 12 a factor of 240?
True
Is 1738 a multiple of 79?
True
Is 1339 a multiple of 33?
False
Is 101 a factor of 4646?
True
Is 66 a factor of 15441?
False
Is 2283 a multiple of 8?
False
Is 1404 even?
True
Is 20600 a multiple of 185?
False
Does 10 divide 16760?
True
Is 1705 a multiple of 35?
False
Is 49 a factor of 1605?
False
Is 678 a multiple of 49?
False
Is 432 a multiple of 4?
True
Is 5 a factor of 5941?
False
Does 99 divide 22572?
True
Is 515 a multiple of 6?
False
Does 16 divide 1019?
False
Does 123 divide 99337?
False
Is 38868 a multiple of 65?
False
Is 390 a multiple of 15?
True
Does 5 divide 1350?
True
Is 13 a factor of 452?
False
Is 7589 a multiple of 10?
False
Is 68 a factor of 3011?
False
Does 7 divide 194?
False
Does 11 divide 57110?
False
Does 55 divide 9790?
True
Is 1811 a multiple of 32?
False
Is 29 a factor of 1128?
False
Is 9004 a multiple of 4?
True
Is 5984 a multiple of 88?
True
Is 42 a factor of 168768?
False
Is 3158 a multiple of 10?
False
Is 300 a multiple of 20?
True
Does 87 divide 13746?
True
Is 23840 a multiple of 16?
True
Is 68 a multiple of 21?
False
Is 17 a factor of 1321?
False
Is 278 a multiple of 36?
False
Is 12402 a multiple of 13?
True
Is 14767 a multiple of 14?
False
Is 652 a multiple of 4?
True
Is 29568 a multiple of 141?
False
Is 12 a factor of 16767?
False
Is 111 a factor of 2112?
False
Is 12 a factor of 555?
False
Is 62606 a multiple of 46?
True
Is 30 a factor of 5966?
False
Does 6 divide 12270?
True
Is 837 a multiple of 31?
True
Does 57 divide 740?
False
Is 20 a factor of 340?
True
Is 25 a factor of 42406?
False
Is 57412 a multiple of 31?
True
Is 21794 a multiple of 34?
True
Is 3183 a multiple of 118?
False
Is 15 a factor of 19859?
False
Is 9847 a multiple of 12?
False
Is 688 a multiple of 8?
True
Is 21 a factor of 1680?
True
Is 8525 a multiple of 5?
True
Is 5 a factor of 30283?
False
Is 167 a multiple of 16?
False
Is 2920 a multiple of 8?
True
Is 356 a multiple of 113?
False
Does 22 divide 6776?
True
Is 28179 a multiple of 101?
True
Is 121 a multiple of 11?
True
Does 2 divide 2273?
False
Is 59 a factor of 272?
False
Is 43 a factor of 1162?
False
Is 12 a factor of 2790?
False
Does 4 divide 24492?
True
Is 659 even?
False
Does 7 divide 208?
False
Is 76 a multiple of 8?
False
Does 16 divide 12175?
False
Is 50107 a multiple of 62?
False
Does 20 divide 21887?
False
Does 21 divide 588?
True
Does 11 divide 7510?
False
Is 59 a factor of 4130?
True
Is 25 a factor of 2025?
True
Does 18 divide 15309?
False
Is 11 a factor of 55?
True
Is 3005 a multiple of 67?
False
Is 84 a multiple of 4?
True
Does 127 divide 141447?
False
Is 2162 a multiple of 47?
True
Is 627 a multiple of 30?
False
Is 217 a multiple of 7?
True
Does 8 divide 1346?
False
Does 11 divide 23?
False
Is 5530 a multiple of 11?
False
Is 19 a factor of 4265?
False
Does 34 divide 655?
False
Is 2 a factor of 223?
False
Is 10 a factor of 624?
False
Is 4640 a multiple of 10?
True
Is 4 a factor of 11428?
True
Does 26 divide 10608?
True
Is 13 a factor of 1534?
True
Is 629 a multiple of 17?
True
Is 7 a factor of 462?
True
Is 51901 a multiple of 213?
False
Does 40 divide 40?
True
Does 24 divide 5625?
False
Is 7 a factor of 1204?
True
Is 9 a factor of 144?
True
Is 18249 a multiple of 4?
False
Does 113 divide 629?
False
Does 58 divide 110859?
False
Is 1824 a multiple of 76?
True
Is 2480 a